1
Let i(q) = -11*q - 4. Let s(b) = 30 + 17*b - 9 - 15. Let g(j) = 8*i(j) + 5*s(j). Let r be g(-3). Let y(k) = k - 15. Calculate y(r).
-8
Let s(d) = -d**3 + 2*d**2 + d + 4. Let r(a) = -30*a**2 - 2*a + 1. Let p be r(1). Let g = 52 + p. Suppose v + 6*v = g. Give s(v).
-2
Let y(l) = -l**2 + 3*l + 2. Let h(j) = 4*j - 7. Let r(c) = c - 2. Let q(z) = -2*h(z) + 7*r(z). Suppose p = -0*p - 4. Let s be q(p). What is y(s)?
-2
Let c(d) = d**3 + 4*d**2 + d - 2. Let f be c(-3). Let i(y) = 0*y - 3 - f*y + 6*y. Give i(-4).
-11
Let t be (2/3)/(2/21). Suppose t*n - 5 = 8*n. Let v(j) = -j - 2. Let z(s) = 2*s + 5. Let m(x) = -9*v(x) - 4*z(x). Give m(n).
-7
Let q(x) = -4*x + 1. Suppose -32 = -g - 3*g. Let n = 6 - g. Give q(n).
9
Suppose 3*h = -5*u + 58, -2*u - 8*h + 3*h = -27. Let c = u - 17. Let l(n) = -n**2 - 3*n + 5. What is l(c)?
-13
Let l(r) = -81*r + 33. Let n(w) = 5*w - 2. Let g(c) = -4*l(c) - 66*n(c). Suppose 4 = -2*t, -3*m + 5*t + 6 + 1 = 0. Let v = 0 - m. Calculate g(v).
-6
Suppose -2*z - 45 = -5*z. Suppose 0 = -5*g - 40 + z. Let c(k) be the third derivative of k**4/24 - k**3/3 + 135*k**2. What is c(g)?
-7
Let h(y) = -y**3 - y - 1. Let g(b) = 3*b**2 + 4*b**3 - 5*b**2 + 3*b - 4*b**2. Let u(l) = g(l) + 5*h(l). Let c = -29 - -23. Determine u(c).
7
Let n(b) = 6*b**2 - 2 + 3*b**3 + 1 - 4*b**3. Suppose 2*t = -t. Suppose -x = 4*j - 14, t = 3*x - 5*j - 13 + 5. Give n(x).
-1
Let y(t) = t + 5. Suppose 2*s - 5*z = 41, -29 + 17 = s + 4*z. Give y(s).
13
Let c = 16 + -14. Let t(j) = -13*j**2 + j - 9. Let v(s) = -20*s**2 + s - 14. Let i(h) = 8*t(h) - 5*v(h). What is i(c)?
-12
Let k = -2635 - -2622. Let p(t) = t**3 + 14*t**2 + 18*t + 28. Calculate p(k).
-37
Suppose -3*v + 420 = 7*v. Let n = -39 + v. Let b(s) = 2*s**2 - 4*s. Determine b(n).
6
Let y(t) = -t**2 + 2*t - 1. Let o(m) = m + 5. Let u be o(0). Let b be -10*(9/(-6) - -1). Suppose 0 = -b*g + u*l, -40 = -4*g - 0*g - 4*l. Determine y(g).
-16
Let x(j) = -j**3 - 3*j**2 - 10. Let t be 5*(-4 - (-10 - -7)). What is x(t)?
40
Let v(s) = -2*s. Let q(r) = -13*r - 1. Let c(x) = -q(x) + 6*v(x). Suppose 2*j = 3*n - 14, -3*n = -8*j + 3*j - 17. Let u = j + 1. Give c(u).
1
Let s(c) = -11*c + 1. Let x(o) = 4*o**2 + o. Let p be x(1). Suppose 0*g = -p*g. Let v be g - (2/(-1) - -1). What is s(v)?
-10
Let h(v) = v**2 + v + 1. Let c(q) = q**2 + q + 4*q - q + 5*q + 7. Let l be c(-8). Determine h(l).
1
Let l(c) = c + c**3 + 4*c**2 + 1 - 5 + 2. Let q be (69/6)/(1/2). Suppose 3 = -n, -4*r + 6*r + 5*n + q = 0. Determine l(r).
-6
Let h(v) be the third derivative of -v**6/120 - v**5/10 + v**4/8 - v**3 - 2*v**2. Suppose -52*i = -18*i + 238. Calculate h(i).
22
Let y(d) = -5 - 233*d**2 - 2*d + 4*d + 231*d**2 + d**3. Let l(z) = z**3 - 2*z**2 + z - 4. Let c = 11 + -6. Let b(k) = c*l(k) - 4*y(k). Determine b(-2).
-10
Let g = -181 + 188. Let k(y) = 3*y - 17. What is k(g)?
4
Let i be 2 + 28/(-4) + 0. Let s = i - -9. Suppose -s*j + 11 + 9 = 0. Let g(k) = k**3 - 4*k**2 - 2*k - 5. What is g(j)?
10
Let h(d) be the third derivative of 0*d + 0 - 9*d**2 + 1/6*d**4 + 0*d**3 + 1/60*d**5. Let r(m) = -m**2 - 3*m. Let q(j) = 4*h(j) + 5*r(j). What is q(4)?
-12
Let r(h) = 17 + 2 + h + 2*h. Let l(b) = -2*b - 10. Let o(d) = 5*l(d) + 3*r(d). Let x be (72/45)/(4/10). Give o(x).
3
Let v(y) = y**2 + 10*y + 21. Let r be v(-5). Let c(s) = 55*s. Let m(x) = -14*x. Let q(t) = r*c(t) - 15*m(t). Give q(1).
-10
Let b(i) = 39*i + 3. Let u(o) = 28*o + 4. Let q(y) = -2*b(y) + 3*u(y). What is q(-7)?
-36
Let l(z) = -z**2 + 42 + 46 - 87 + 3*z**2 + z**3 - 4*z**2. Let y(a) = a - 7. Let u be y(6). Give l(u).
-2
Let n(l) be the third derivative of -l**6/120 + l**5/20 + l**4/24 - 2*l**3/3 + 266*l**2 - 2. Give n(3).
-1
Let c(g) = g**2 - g - 1. Let v(q) = -7*q - 4. Let s be v(-3). Let m be -8*(-1 - 20/16). Let a = s - m. What is c(a)?
1
Let d be 3/(-9) + (-34)/(-3). Suppose d*i = 15*i - 4. Let a(t) = -t**3 - t**2 - t + 1. Let g be a(i). Let f(k) = k**2. What is f(g)?
4
Let q(f) be the first derivative of f**4/4 + 7*f**3/3 + 5*f**2/2 + 2*f + 1. Let s(r) = -r**2 - 7*r + 20. Let i be s(5). Let c = 34 + i. Determine q(c).
8
Let v(j) be the third derivative of 1/24*j**4 + 0*j**3 + j**2 + 0*j + 0. Suppose -22 + 17 = -5*s. Determine v(s).
1
Suppose 3*r - 2 = 1. Let j(q) = 2*q**3 + 2*q - r + 4*q**3 - 3*q**3 + 2*q**3. Let l be j(1). Let u(k) = -k + 2. Calculate u(l).
-4
Let w(g) = 11*g**2 - 2*g**3 + g**3 - 3*g**2 + 5*g**3 - 5*g**3. What is w(8)?
0
Let s(m) = -m**2 - 3*m. Let q(c) = c - 7. Let p be q(7). Let j be -9 + 4 - p - -1. Determine s(j).
-4
Suppose -6*b - 16 = n - b, 3*n - 5*b = 32. Let d = 5 - n. Let j(r) = -d + 2*r + r - 4*r. What is j(-6)?
5
Let u(o) be the second derivative of -o**4/12 - 2*o**3 + 262*o. What is u(-11)?
11
Let o be 8 + -5 + 0 + 3. Let d(f) = f**3 - 5*f**2 - 6*f + 6. Let l be d(o). Let k(p) = -5*p - p**2 + 3*p**2 - p**2 - 1 - 7. Give k(l).
-2
Let n(r) = -r**3 - 16*r**2 - 16. Suppose 411 + 309 = -45*u. What is n(u)?
-16
Let s(q) be the second derivative of q**5/20 + 5*q**4/12 + q**3/2 - 3*q**2/2 + 53*q + 1. What is s(-4)?
1
Let v(n) be the second derivative of -n**5/60 + n**4/4 + 5*n**3/3 - 9*n**2/2 - 7*n. Let z(r) be the first derivative of v(r). Determine z(7).
3
Suppose -c + 0*c = 3. Let s(h) = h**2 + h - 1. What is s(c)?
5
Let k(j) = j**3 - 7*j + 7*j + 819*j**2 + 1 - 813*j**2 + 4 - j. What is k(-6)?
11
Suppose -47*k + 9*k - 76 = 0. Let t(o) = 4*o + 2. What is t(k)?
-6
Let r(l) = -3*l - l - 6 - l**2 - l**3 + 8*l. Let y(p) = -2*p**2 + 18*p**3 + 7*p - 11 + p - 20*p**3 - p. Let x(w) = -5*r(w) + 3*y(w). Calculate x(0).
-3
Let k(g) be the first derivative of g**2/2 - 7*g + 5. Let m be k(11). Let z(w) = w + 5*w + m + w - 5*w. Calculate z(-5).
-6
Let d(m) be the second derivative of -m**5/10 + m**4/2 - 7*m**3/6 + 3*m**2/2 + 117*m. Determine d(3).
-18
Suppose -13*t - h - 34 = -16*t, -2 = 2*h. Let n(p) = 4*p - 15. Give n(t).
29
Let d(h) = -h + 8. Let f(a) = -a + 7. Suppose o = -q, q - o = -6*o + 20. Let u = 6 - 0. Let m(p) = q*d(p) + u*f(p). Calculate m(-4).
6
Let s be -1 - (-4)/(-4 + 8). Let t(d) = d + 8. Let r be t(-6). Let f(j) = -4 + s*j**2 + 6*j - 1 + 0*j**2 - j**r. Give f(6).
-5
Let y(o) = o - 1. Let u be (1/(-2))/(63/(-16) + 4). Determine y(u).
-9
Let a(p) be the second derivative of p**4/12 + 4*p**3/3 - 13*p**2/2 + 516*p. Give a(-9).
-4
Let d(j) = 2*j**2 + 2*j - 1. Let q be d(1). Let y(n) = 316*n - 4 + n**3 - 5*n**2 - 1 + 4 - 312*n. What is y(q)?
-7
Suppose g = 4*x - 0*x + 36, -2*x = 2*g - 42. Let s(r) = -4*r - g + 16 + 5*r. Determine s(5).
-3
Let a(z) be the first derivative of -5*z**2/2 + 18*z + 124. Determine a(4).
-2
Let y(a) = -a**3 - 11*a**2 - 9*a + 14. Let f be y(-10). Suppose f = -10*b + 8*b. Let q(r) = 2*r**3. Calculate q(b).
-16
Let x be (3 + 10/(-4))*22. Let j be 33/x + -2 + 171. Let k(t) = 169 - t**2 + t - 2*t - j. Determine k(0).
-3
Let o(i) = i + 2. Let v be (-1 + 4 + 2)*-84. Let z be v/(-48) - (-2)/8. Let d = 7 - z. Give o(d).
0
Let a(k) = -23*k**3 + 25*k**3 + 127 - k**2 - 131 - 7*k. What is a(-3)?
-46
Let t(o) = o**2 - 7*o + 1. Let c(s) = s**3 - 17*s**2 + 37*s - 95. Let y be c(15). Determine t(y).
31
Let q(p) be the second derivative of -3*p**3/2 + 15*p + 5. Determine q(-4).
36
Let f(u) = -u**3 - u. Let y(m) = -2*m**3 - 3*m**2 - 8*m + 4. Let s(g) = 4*f(g) - y(g). Calculate s(3).
-19
Let r(w) = -1 + 6344*w**2 + 2*w**3 + 2*w**3 - 6343*w**2 - w**3. What is r(2)?
27
Let a(v) = 25*v - 6. Let g(y) = -14*y + 3. Let c(q) = -4*a(q) - 7*g(q). What is c(-8)?
19
Let d = 297 + -298. Let f(z) be the first derivative of 3*z**2/2 - z - 1. Give f(d).
-4
Let b(l) = l**3 + 6*l**2 - 2*l - 15. Let r(m) = m**3 + 4*m**2 - 7*m - 16. Let z be r(-5). Calculate b(z).
-3
Let m be (3 - (-42)/(-18))*9. Let k be (-2)/(-2) - (-3)/3. Let f(j) = j**k + 0 - 1 - 6*j + 4. Give f(m).
3
Let l(w) = 2*w**3 + 2*w**2 - 1. Let i be (9/15)/(36/(-120)). Determine l(i).
-9
Let v(k) = k**3 + 9*k**2 + 11*k + 27. Let h be v(-8). Let z(y) = y**3 - 5*y**2 + 8*y - 2. Give z(h).
4
Let j = -12 + 16. Let n(g) = -g**2 + j*g + 1 - 5*g**3 + 2*g**3 + 4*g**3 - 4*g**2. Give n(3).
-5
Suppose -44*t + 38*t = -36. Let n(x) = x**2 - 13*x + 9. What is n(t)?
-33
Let w(s) be the first derivative of -3*s**2/2 + 5*s + 2. Let n be -8*(2/6)/(24/(-18)). Suppose 0 = -5*l + 15, -n*g - 4*l + 9 = -15. Determine w(g).
-13
Let c = -4